 t + -7. What is the units digit of g?
3
Let d(x) = -x**3 - 14*x**2 + 14*x - 9. Let a be d(5). Let v = -295 - a. What is the tens digit of v?
1
Suppose -25 = -s + 4*r, s - 3*s + 4*r = -54. Suppose -3*p - s = -20. What is the units digit of (-169)/(-4) - p/(-12)?
2
Let h(v) = -4*v - 13. Let x be h(-4). What is the units digit of (1/(-1))/(2905/(-966) + x)?
8
Let k = -171 + 278. What is the hundreds digit of k?
1
Suppose -d = -3*n - 199, 6*d - 3*n + 549 = 9*d. What is the tens digit of d?
8
Suppose 141*l - 156*l = -23115. What is the tens digit of l?
4
Let v = 395 + 94. What is the hundreds digit of v?
4
What is the tens digit of 554/3 - (-10)/(-15) - -3?
8
Suppose -3*x + 10 = 2*x, 4*x = -5*u - 32. Let w(f) = -6*f + 13. What is the units digit of w(u)?
1
Suppose -30*f + 28*f = -32. What is the units digit of f?
6
Let l(t) = -69*t + 4. Let g be l(-6). Suppose 2*b = -2*v + g, 3*b - 7*b + 835 = 3*v. What is the tens digit of b?
0
Let u = -6 + 9. Suppose -3*g - 2*p + 55 = 0, 2*g - u*g = -p - 20. Let v = g + -10. What is the units digit of v?
9
Suppose -2693 = 3*a - 13163. Let u be (-2)/3 + a/15. Suppose 72 - u = -4*y. What is the units digit of y?
0
Suppose -2*y + 121 = -3*p - 2*p, -5*p = -3*y + 169. Suppose -x - y = 3*x. What is the units digit of 4/6*-1*x?
8
Let i(o) = -874*o + 46. What is the tens digit of i(-1)?
2
Suppose 3*d + 572 = 16*d. What is the units digit of d?
4
Suppose 4*y + 0 = 8, -4*y = r - 96. Let s = r + -42. Suppose -2*f - s = -4*f. What is the tens digit of f?
2
Suppose 7*d - 2535 = -715. What is the tens digit of d?
6
Let k be (-1 + -1)/(-10) - 6792/(-15). Let b = k + -219. What is the hundreds digit of b?
2
Let z be -3 + -6*(-33 - 4). Let c be (2 - 795/10)/((-2)/(-4)). Let r = c + z. What is the tens digit of r?
6
Suppose j + 2*j = 9*j. Suppose -2*x + z + 103 + 118 = j, -5*x - 4*z = -546. What is the hundreds digit of x?
1
Let k = 1152 + -752. What is the units digit of k?
0
Let m be -1 + 2 - (5 + -556). Let w = m - 353. What is the tens digit of w?
9
Suppose 2*y + 107 = 533. Let a = -498 + y. What is the units digit of a/(-10)*(-4)/(-6)?
9
Let o = -362 - -481. What is the hundreds digit of o?
1
Let o(k) = -k**3 + 22*k**2 - 13*k + 47. What is the tens digit of o(20)?
8
Suppose -426 = -p + 3*s, -434 + 1687 = 3*p - 4*s. What is the tens digit of p?
1
Let n be (8/5)/(14/35). Suppose -2*r - 1 = d, -d = 3*r - n*r + 1. Suppose -3*o + w + 131 = r, -2*o + w + 115 - 29 = 0. What is the tens digit of o?
4
Let z = -65 + 21. Let x = 125 + z. What is the tens digit of x?
8
Let x = -6444 - -10011. What is the thousands digit of x?
3
Let p be ((-16)/(-10))/((-4)/(-10)). Let j be (p/5)/((-12)/(-90)). What is the units digit of (-4)/(12/(-9)) + j?
9
Suppose 0 = 17*o - 24*o + 6153. What is the units digit of o?
9
Let v(h) = h**2 - 2*h**2 + 9*h - 1 + 12 + 1. Let y be v(10). Suppose -y*x = 8, -2*r = 5*x - 3*x - 16. What is the tens digit of r?
1
Let i(n) = -3*n - 82. What is the units digit of i(-30)?
8
Suppose -3*w + 494 + 1339 = 0. What is the tens digit of w?
1
Let m(w) be the second derivative of 3*w**5/20 + w**4/12 + w**3/6 - 3*w**2/2 + w. What is the tens digit of m(2)?
2
Let x(n) be the second derivative of -n**4/12 - 2*n**3/3 + 3*n**2/2 + 6*n. Let a be x(-8). Let j = 46 + a. What is the tens digit of j?
1
Suppose 3*a + 3*z - 66 = 0, 5*z - 81 = -4*a + 8*z. What is the tens digit of (-23 + a)*(0 + -46)?
9
What is the units digit of ((-1717)/(-34))/((-1)/(-20))?
0
Suppose 10*n = 15*n - 2*p - 1718, 0 = -5*n + 3*p + 1722. What is the hundreds digit of n?
3
Suppose 4*f - 5*u = 936, 5*f = -5*u + 1138 + 32. Suppose 711 - f = 3*w. What is the tens digit of w?
5
Suppose u - 754 = -4*j + 1672, 0 = 5*u + 5*j - 12115. What is the units digit of u?
2
Let o = -4 - 8. Let q be (-2218)/o + 2/12. Suppose q = -14*x + 19*x. What is the units digit of x?
7
What is the hundreds digit of 528/48*(86 + 0)?
9
Suppose 22*n = 4*n + 5616. What is the hundreds digit of n?
3
Let s be (-6 - -4) + 4*1 + 62. Suppose s*g - 70*g = -6. What is the units digit of g?
1
What is the tens digit of 50508/36 - (0 + -8)?
1
Let d(x) be the second derivative of x**5/20 - 2*x**4/3 - 5*x**3/2 + x**2 + 3*x. Let j be d(10). Suppose -3*a - 4 = -j. What is the units digit of a?
6
Let j(o) = -o**2 - 5*o + 9. Let c be -6 + (4/(-2) - -1). Let u be j(c). What is the tens digit of ((-4)/u)/(-2)*-130?
5
Suppose 18 + 9 = 3*d. Suppose m = 28 - d. What is the tens digit of m?
1
Suppose -10*x - 4*i = -12*x + 3050, -3*x + 4572 = -3*i. What is the units digit of x?
3
Let u(m) = -4*m**3 + 4*m**2 - 5*m - 32. What is the units digit of u(-4)?
8
Let j be 4 + -52 + 1 + 3. Let g = 58 + j. What is the tens digit of g?
1
Suppose 2*d + 8*d = 710. Let z = d - 53. What is the tens digit of z?
1
Let y be ((-8)/(-10))/(-2*(-1)/10). Suppose -4*n + 4*h = 8*h - 124, 0 = y*n - 2*h - 154. What is the tens digit of n?
3
Let i = 0 - -3. Let q(s) = -17*s - 3. Let w be q(-1). Suppose 0 = 3*p - k + 3*k - w, 17 = 5*p - i*k. What is the units digit of p?
4
Let m(s) = 81*s + 43. What is the hundreds digit of m(5)?
4
Suppose -k - 556 = -5*c, -41 = -c + 4*k + 74. What is the units digit of c?
1
Let p(f) = 109*f - 126. What is the hundreds digit of p(5)?
4
What is the units digit of 36/(8/(-12) + 1)?
8
Let d = 20 + -17. Suppose l = -l + 4*m + 20, -3*m - 16 = -2*l. Suppose -90 = -d*h - l*h. What is the units digit of h?
8
Let y = 8309 - 4460. What is the units digit of y?
9
Let n(r) = r**2 + 2*r + 3. Let m be n(-2). Let p = 53 + -38. Let y = p + m. What is the units digit of y?
8
Let v = 6 + -4. Suppose -v*a - 17 = -3*a. What is the tens digit of a?
1
Suppose 0 = -4*w - 43 - 17. Let u = 50 - w. What is the tens digit of u?
6
Let k(a) = 13*a**3 - 4*a**2 + 3*a + 2. What is the tens digit of k(2)?
9
Let k(t) = -2*t**2 + 40*t - 73. What is the tens digit of k(12)?
1
Let p(a) = -2*a + 21. Let w be p(9). Suppose -43 - 116 = -c + 4*v, -617 = -4*c - w*v. Suppose 5*q = -10 + c. What is the units digit of q?
9
Let k = 1109 - 401. What is the tens digit of k?
0
Let z(o) = -44*o**3 + o**2 - o - 1. Let g(f) = -54*f**3 - 34*f**3 - 2 - 2*f + 2*f**2 + 0*f**2. Let a(p) = 6*g(p) - 13*z(p). What is the tens digit of a(1)?
4
Let l = -1403 + 2646. What is the thousands digit of l?
1
Suppose 7443 - 20511 = -12*q. What is the units digit of q?
9
Let a be 376/40 - (-2)/(-5). Let x(g) = g**3 - 10*g**2 + 9*g + 7. Let d be x(a). What is the tens digit of 229/d + (-2)/(-7)?
3
Suppose -5 = -w + 1. Suppose -l - 165 = -5*y - w*l, -76 = -2*y - 4*l. What is the units digit of y + (2 - (5 + -3))?
8
Suppose -5*b + 4*z + 3134 = 0, 0 = 13*b - 8*b + 2*z - 3158. What is the tens digit of b?
3
Suppose 3*a - 49 = 5. Let j(m) = a - m**3 - 9 - 5. What is the units digit of j(0)?
4
Let n = -14 - -13. Let k(p) = -5*p**3 - 2*p**2 + 1. Let b be k(n). Suppose 4*i - 124 = -2*c, 135 = b*i - 3*c + 11. What is the tens digit of i?
3
Let w = 27 - 2. Let n = 77 + w. What is the tens digit of n?
0
Let y be (-1 + -7)*((-22)/8 + 2). Let m(b) = b**3 - b**2 - 10*b + 13. What is the hundreds digit of m(y)?
1
Suppose 0 = 27*h - 32*h + 8820. What is the thousands digit of h?
1
What is the thousands digit of (-3 + 19485/(-9))*5/(-10)?
1
Let y be (13 + -22)/(6/(-4)). Let u = -12 + y. What is the units digit of (18/4)/((-3)/u)?
9
Let g = -13 + -31. Let z be -3 - -1 - (-3 + g). Suppose -3*f + t = -f - z, f - 4*t = 26. What is the units digit of f?
2
Let v be 2 - (-3 + 0 + 2). Let u be v - ((2 - 0) + -3). Suppose u = a - 0. What is the units digit of a?
4
Let s(l) = 3*l - 93. What is the units digit of s(33)?
6
Suppose -2159 = -3*b + 5*y, -2*y + 483 = -4*b + 3357. What is the hundreds digit of b?
7
Let t = 1435 + 772. What is the units digit of t?
7
What is the units digit of ((-1577)/3 - 1)/(30/(-90))?
0
Let a be 20/15*12/(-1). Suppose -3*g - 3*g = -372. Let j = a + g. What is the tens digit of j?
4
Suppose -9415 = -34*w - w. What is the tens digit of w?
6
Suppose -2*k = -4*k + 28. Let a(h) = 7*h. Let m be a(k). Let j = m + -58. What is the tens digit of j?
4
Let z be 16/7 + ((-12)/(-14))/(-3). Suppose z*t + 80 - 238 = 0. What is the units digit of t?
9
Let m(p) = p**2 + 7*p + 5. Let n be m(-8). Suppose n*c - 11*c - 18 = 0. What is the units digit of c?
9
Suppose -14*n - 36972 = -50*n. What i